79199 and 419.
419
What is the greatest common divisor of 7106 and 67013?
19
What is the greatest common divisor of 4578 and 4774?
14
What is the greatest common factor of 234 and 2899?
13
What is the greatest common factor of 1266 and 108454?
422
Calculate the highest common factor of 15 and 10995.
15
Calculate the greatest common factor of 737494 and 85.
17
What is the greatest common factor of 49 and 103096?
49
What is the highest common divisor of 917 and 7701883?
917
What is the highest common divisor of 16456 and 1155?
11
Calculate the greatest common factor of 17535 and 42.
21
Calculate the highest common factor of 248 and 242296.
248
What is the highest common divisor of 1386 and 17688?
66
Calculate the highest common divisor of 1055 and 2160.
5
What is the highest common divisor of 217880 and 2?
2
What is the greatest common factor of 40992 and 1037?
61
What is the greatest common factor of 1065 and 14271?
213
What is the highest common divisor of 10517 and 325?
13
What is the highest common factor of 8744 and 56?
8
Calculate the greatest common factor of 404437 and 11.
11
What is the highest common divisor of 627 and 2375?
19
Calculate the greatest common divisor of 8844 and 6204.
132
Calculate the greatest common divisor of 215729 and 62.
31
What is the greatest common factor of 10212 and 33534?
138
What is the greatest common factor of 2726 and 290?
58
Calculate the greatest common divisor of 855 and 97280.
95
What is the highest common factor of 2649 and 354083?
883
What is the greatest common divisor of 755 and 13137?
151
What is the highest common divisor of 46942 and 7546?
98
Calculate the greatest common divisor of 504 and 307608.
168
Calculate the greatest common divisor of 29158 and 27938.
122
What is the greatest common factor of 345710 and 2534?
362
Calculate the greatest common factor of 13232 and 85181.
827
What is the greatest common divisor of 183893 and 6589?
599
What is the highest common divisor of 600 and 68675?
25
What is the greatest common divisor of 9 and 53343?
9
Calculate the highest common factor of 325931 and 29.
29
What is the highest common divisor of 54519 and 167833?
1069
Calculate the greatest common factor of 1183430 and 50.
10
What is the highest common factor of 613 and 556604?
613
What is the highest common factor of 1139787 and 261?
261
What is the highest common divisor of 126 and 3332?
14
What is the greatest common factor of 107983 and 2158?
83
Calculate the greatest common divisor of 63 and 4417.
7
What is the highest common divisor of 121672 and 2144?
536
Calculate the highest common factor of 187 and 16.
1
Calculate the greatest common divisor of 36195 and 330.
15
What is the greatest common factor of 258 and 134934?
258
What is the highest common divisor of 18522 and 696290?
686
What is the greatest common factor of 7070 and 817292?
1414
Calculate the highest common divisor of 3306 and 2090.
38
Calculate the highest common divisor of 831 and 2.
1
Calculate the highest common divisor of 1102 and 841.
29
Calculate the highest common divisor of 11514 and 61509.
303
Calculate the highest common divisor of 60 and 1423200.
60
Calculate the highest common factor of 42 and 4864944.
42
Calculate the highest common factor of 288 and 1274274.
18
Calculate the greatest common divisor of 17612 and 8908.
68
What is the highest common factor of 9922 and 4312?
22
Calculate the greatest common factor of 1154 and 6.
2
Calculate the greatest common divisor of 360 and 12280.
40
What is the highest common factor of 285418 and 406?
406
What is the highest common factor of 465 and 382695?
465
What is the highest common divisor of 363806 and 10?
2
What is the highest common factor of 4720 and 1840?
80
What is the highest common factor of 684 and 566694?
342
What is the greatest common divisor of 28071 and 288?
9
What is the highest common factor of 20 and 201980?
20
What is the highest common divisor of 324 and 97056?
36
What is the greatest common divisor of 339588 and 36?
36
Calculate the highest common factor of 5126326 and 2253.
751
Calculate the highest common factor of 3972 and 36.
12
What is the greatest common divisor of 294943 and 418?
11
What is the highest common factor of 2144 and 6164?
268
What is the greatest common factor of 2332 and 176?
44
Calculate the highest common factor of 8755 and 45835.
515
What is the highest common factor of 1079 and 683256?
83
What is the highest common factor of 49542 and 966?
138
What is the greatest common factor of 171 and 855969?
57
What is the highest common factor of 3042 and 8450?
338
What is the highest common divisor of 847 and 40161?
11
Calculate the highest common factor of 190 and 160968.
38
Calculate the highest common divisor of 212 and 151050.
106
What is the greatest common divisor of 363 and 26763?
33
Calculate the greatest common factor of 20320 and 160.
160
Calculate the highest common divisor of 512 and 275936.
32
Calculate the greatest common divisor of 216 and 153648.
72
Calculate the greatest common divisor of 4002805 and 115.
115
Calculate the highest common factor of 75890 and 90.
10
What is the highest common factor of 62552 and 10136?
56
What is the highest common factor of 16 and 24377872?
16
Calculate the greatest common divisor of 42784 and 415807.
1337
Calculate the greatest common factor of 156 and 2824575.
39
Calculate the highest common factor of 8550 and 43425.
225
Calculate the highest common factor of 3430 and 148078.
98
What is the highest common factor of 18914 and 14?
14
What is the greatest common divisor of 47887 and 49?
7
Calculate the highest common divisor of 493 and 9831.
29
What is the highest common factor of 74 and 3790687?
37
Calculate the highest common divisor of 573 and 5307.
3
What is the highest common factor of 1843 and 2375?
19
What is the highest common divisor of 1736 and 11312?
56
Calculate the highest common divisor of 231 and 1468509.
21
Calculate the highest common divisor of 1688 and 227.
1
Calculate the greatest common factor of 123109 and 903.
301
Calculate the highest common divisor of 1201840 and 80.
80
What is the greatest common divisor of 1131 and 35165?
13
What is the highest common factor of 2185 and 25555?
95
What is the greatest common divisor of 317934 and 34?
34
Calculate the highest common factor of 2450742 and 354.
354
What is the greatest common factor of 736 and 24176?
16
What is the greatest common divisor of 987 and 21291?
141
What is the greatest common factor of 5599 and 682?
11
What is the highest common factor of 9673 and 77953?
569
Calculate the highest common factor of 190 and 52160.
10
Calculate the highest common divisor of 136 and 212024.
136
Calculate the highest common factor of 3033 and 207.
9
What is the highest common divisor of 44 and 804716?
44
What is the greatest common divisor of 3728712 and 156?
156
Calculate the greatest common divisor of 30 and 49728.
6
Calculate the highest common divisor of 1602736 and 16.
16
Calculate the greatest common factor of 295 and 110684.
59
Calculate the greatest common divisor of 10502 and 472.
118
Calculate the highest common factor of 530 and 39538.
106
Calculate the greatest common factor of 189 and 606207.
21
Calculate the greatest common factor of 7182 and 12483.
171
What is the highest common divisor of 7099 and 9160?
229
What is the highest common divisor of 25284 and 56?
28
What is the highest common divisor of 80 and 43640?
40
Calculate the greatest common factor of 9905 and 3430.
35
Calculate the highest common factor of 651330 and 450.
90
What is the highest common factor of 18434 and 3133?
13
Calculate the highest common divisor of 1876 and 756.
28
What is the greatest common divisor of 48 and 176?
16
Calculate the highest common divisor of 5576 and 266172.
164
What is the greatest common factor of 268442 and 1817?
79
What is the highest common factor of 33480 and 25?
5
What is the highest common divisor of 851715 and 9?
9
Calculate the greatest common divisor of 115324 and 132.
44
Calculate the highest common divisor of 57564 and 108.
108
What is the highest common divisor of 80573 and 9407?
409
What is the highest common factor of 41089 and 153?
17
Calculate the highest common factor of 12808 and 1016.
8
What is the gr